3942
In base 3, what is 1112202202210 + -2210?
1112202200000
In base 10, what is 6609990 + -34?
6609956
In base 15, what is 1526 - -1c66?
328c
In base 10, what is -35 - -512204?
512169
In base 3, what is -202 + 2001020000021011?
2001020000020102
In base 15, what is cd14 + 15?
cd29
In base 6, what is 311413020 + 4?
311413024
In base 5, what is -12334432043 - -1?
-12334432042
In base 6, what is -153134340 - 2?
-153134342
In base 9, what is 7 + -471401?
-471383
In base 7, what is 1104 + 511063?
512200
In base 2, what is -101 + -1011101001011001110010111010?
-1011101001011001110010111111
In base 9, what is 10004828 - -3?
10004832
In base 2, what is 1001001111 - 1110001000001?
-1100111110010
In base 9, what is -40 - 580557?
-580607
In base 10, what is 217899 - 54?
217845
In base 4, what is -1003222 - 21313?
-1031201
In base 10, what is 1 - -5941799?
5941800
In base 11, what is -4858 - -98326?
93579
In base 14, what is 2a4c3 - 4?
2a4bd
In base 8, what is -1173 - -1167566?
1166373
In base 7, what is -5243 + 13354?
5111
In base 7, what is -63 + -406001?
-406064
In base 14, what is -2a14 + 5610?
29da
In base 13, what is 5 - bb830?
-bb828
In base 11, what is 4aa27 - 139?
4a899
In base 14, what is 22 + -5b1298?
-5b1276
In base 15, what is -22c764db + 0?
-22c764db
In base 3, what is 12020022 + 102022010112?
102111100211
In base 16, what is 26 + -356db8?
-356d92
In base 14, what is -235ddc89 - -2?
-235ddc87
In base 6, what is 134 - 550012534?
-550012400
In base 2, what is 1111101 - 101111110000111?
-101111100001010
In base 14, what is 15c880ac - 3?
15c880a9
In base 12, what is 2 + 765400?
765402
In base 13, what is -4 - 1917a9?
-1917b0
In base 5, what is -43233434 - -3414?
-43230020
In base 12, what is -1380 + -1048b1?
-106071
In base 5, what is 102 - -3040143034?
3040143141
In base 3, what is 2 + 101202111200122?
101202111200201
In base 16, what is 376c91 + 0?
376c91
In base 9, what is -16 - -48663082?
48663065
In base 8, what is -422274 - -422?
-421652
In base 6, what is 214 + 4311031?
4311245
In base 14, what is -1445c + -6c?
-144ca
In base 2, what is -1110011111 + 100110010100101000?
100110000110001001
In base 9, what is -46 - -6236201?
6236144
In base 3, what is -102011122002220 - -112?
-102011122002101
In base 8, what is -1 - -1751605305?
1751605304
In base 16, what is -10 + -72a2f?
-72a3f
In base 5, what is 42 - 402024441?
-402024344
In base 5, what is -1034424 - 302244?
-1342223
In base 13, what is c82a79b6 - 2?
c82a79b4
In base 7, what is -1 - -10101160201?
10101160200
In base 16, what is -d1f3f - 8?
-d1f47
In base 5, what is 4110014 - -112324?
4222343
In base 6, what is 432421 + 154141?
1031002
In base 12, what is -615299 - -16?
-615283
In base 9, what is 4 - 65111482?
-65111477
In base 15, what is 1c6a + 320b?
4e76
In base 5, what is 4 + -12214230031?
-12214230022
In base 6, what is 5302403 + 4?
5302411
In base 10, what is -61803 + 27?
-61776
In base 10, what is -9528 + -1840?
-11368
In base 8, what is -12 + 1002?
770
In base 16, what is -2d77d - -9e?
-2d6df
In base 11, what is -3 - 39a1a99?
-39a1aa1
In base 12, what is -2495a - 25b?
-24bb9
In base 6, what is -4502 + -241?
-5143
In base 14, what is -67b056 - 0?
-67b056
In base 15, what is 10d + -d4692?
-d4584
In base 15, what is 500 + 26bb?
2bbb
In base 9, what is -421 + 10240?
8718
In base 3, what is -10021100 + 10001212?
-12111
In base 16, what is -5 + -44e0ff?
-44e104
In base 8, what is -5 + 6633670?
6633663
In base 2, what is -1110010000110100110100 + -101001?
-1110010000110101011101
In base 9, what is 643 + -648241?
-647487
In base 14, what is bb204 + -4?
bb200
In base 14, what is -3d + 12062b9?
120627a
In base 13, what is -3a2b85 - 4a4?
-3a3359
In base 3, what is 0 + -1020212121120122?
-1020212121120122
In base 8, what is -47773064 - 2?
-47773066
In base 11, what is -24468425 - -1?
-24468424
In base 14, what is -385 - 50613?
-50998
In base 16, what is -4 + 14ff41?
14ff3d
In base 9, what is 1 + -34244307?
-34244306
In base 8, what is 16475251 + -105?
16475144
In base 3, what is -10221212 - -1202121201?
1121122212
In base 2, what is 1101100 - -10011100110110110111?
10011100111000100011
In base 10, what is -5 - -183608258?
183608253
In base 8, what is 4302713312 - -2?
4302713314
In base 14, what is -219b - 6cb?
-2888
In base 7, what is 203004 - -13222?
216226
In base 13, what is -833 - -119a?
667
In base 14, what is -255c - 32a8?
-5826
In base 10, what is 2208800 - 8?
2208792
In base 2, what is -1111 + 1110011100001100001101000?
1110011100001100001011001
In base 15, what is -d1524c - 2b?
-d15278
In base 16, what is -2 - -4cab1f?
4cab1d
In base 16, what is -2fb9 - acf?
-3a88
In base 13, what is -1746 - -23c43?
224ca
In base 15, what is -2944237 + 3?
-2944234
In base 8, what is 772241 - 6?
772233
In base 3, what is 1012 - -110222120202112?
110222120210201
In base 13, what is -1652a49a + -1?
-1652a49b
In base 15, what is -3 + -8190551?
-8190554
In base 9, what is -53260403 + 3?
-53260400
In base 11, what is 1427 + -35449?
-34022
In base 7, what is -230 + 1530403?
1530143
In base 16, what is -24 + -462a?
-464e
In base 13, what is -11854c - -1373?
-1171a9
In base 6, what is 332 + 5341?
10113
In base 10, what is -4 - 14430196?
-14430200
In base 16, what is 7 - 4b5d32?
-4b5d2b
In base 12, what is -5031 + 2784?
-2469
In base 15, what is -3 - adcd72?
-adcd75
In base 6, what is 31344543 + 25?
31345012
In base 12, what is -59 - -237081?
237024
In base 4, what is 2 + 2313210213?
2313210221
In base 15, what is -8 - 471066?
-47106e
In base 14, what is -8c9 - -7428?
693d
In base 3, what is 21122 - -12002000122?
12002022021
In base 3, what is -22012101200 - 1011?
-22012102211
In base 12, what is -1 - 53139a5?
-53139a6
In base 8, what is 27241 + -140?
27101
In base 15, what is -31d6 + bc1?
-2515
In base 9, what is -345206 + 632?
-344464
In base 11, what is -656257 + 39?
-656219
In base 7, what is -11 + -15164632?
-15164643
In base 15, what is 1c + 739ea?
73a17
In base 5, what is 134224 + -1013320?
-324041
In base 3, what is 11 - -100111010221021?
100111010221102
In base 2, what is 1111 - -10010100001001100001?
10010100001001110000
In base 14, what is 7 - 91647?
-91640
In base 9, what is -171106750 - -3?
-171106746
In base 16, what is -5 - 2e5f67b?
-2e5f680
In base 13, what is -18a0a43 - 12?
-18a0a55
In base 15, what is 19e340 - -10?
19e350
In base 5, what is 4210300224 + -44?
4210300130
In base 7, what is -10 - -212131?
212121
In base 2, what is 1100011100111110000111 - -1100101?
1100011100111111101100
In base 11, what is -5 - 15592585?
-1559258a
In base 4, what is 1001130 + -132023?
203101
In base 3, what is 201002122202201020 + -2?
201002122202201011
In base 10, what is -16 - -52915?
52899
In base 11, what is 1457376 + 5?
1457380
In base 16, what is -268547b + 18?
-2685463
In base 6, what is -12041050 - 40?
-12041130
In base 11, what is 126140 + 24?
126164
In base 10, what is 8193556 - 1?
8193555
In base 15, what is 352c - -4bd?
39ea
In base 6, what is -33205250450 + 1?
-33205250445
In base 7, what is 2 - 1506215?
-1506213
In base 16, what is -ad - -35f1?
3544
In base 12, what is 10 - -226982?
226992
In base 11, what is -a + 294?
285
In base 10, what is 5 + 3503172?
3503177
In base 11, what is -3725 + 2658?
-1078
In base 3, what is -10112102012220210 + 11?
-10112102012220122
In base 4, what is 1 + -20030131213001?
-20030131213000
In base 16, what is 2e6b74 - -9?
2e6b7d
In base 16, what is -3180 - -46?
-313a
In base 10, what is -148 + -6281061?
-6281209
In base 14, what is 101 + 345c9?
346ca
In base 15, what is 561 + c69e?
cc10
In base 3, what is -1000 - 210101011011?
-210101012011
In base 14, what is d531 - -18?
d549
In base 10, what is -331 - 1549647?
-1549978
In base 15, what is 111d80 - 3?
111d7c
In base 10, what is -12 - -58701?
58689
In base 6, what is -33 + -2333410542?
-2333411015
In base 14, what is 1d - 1792cd3?
-1792cb4
In base 10, what is -5 + 8749263?
8749258
In base 6, what is 5103 + -253131?
-244024
In base 2, what is 10001010101101100 + -10110101010?
10000111111000010
In base 14, what is 290 - b7424?
-b7174
In base 7, what is 540 + -62303?
-61433
In base 6, what is 0 - 145415321?
-145415321
In base 8, what is 167 - -403631?
404020
In base 7, what is -13463633 + 121?
-13463512
In base 4, 